and 126.
14
Let z = -12 - -17. Suppose -2*l + 13 = z. What is the greatest common divisor of l and 6?
2
Let z be 50/(-1)*(-9)/54*6. Calculate the greatest common factor of 40 and z.
10
Suppose -4*z = q - 63, -z - 6*q + 9*q + 6 = 0. What is the highest common factor of 45 and z?
15
Suppose -5*t + t = -c - 149, 3*c + 87 = 2*t. Suppose t = d + 8. What is the greatest common divisor of d and 70?
14
Let a = -34 + 59. What is the highest common factor of a and 225?
25
Let p = 1 - -20. Let o = 15 + -1. What is the highest common divisor of o and p?
7
Let o be (-2 + 4)*(-471)/(-3) + 1. Calculate the greatest common divisor of o and 15.
15
Suppose 0 = -0*r - r - 1. Let q = r + 2. Let l be 1/(q*(-2)/(-18)). What is the highest common factor of 72 and l?
9
Let x = -6 - -5. Let d(g) = -132*g. Let j be d(x). Calculate the greatest common divisor of 12 and j.
12
Suppose 4*j - 4*p = 6*j - 468, p - 480 = -2*j. What is the highest common factor of j and 22?
22
Suppose -3*i + y = 2 - 12, -y = -4*i + 15. Calculate the greatest common divisor of 55 and i.
5
Let f(b) = -b**2 + 13*b + 3. Let r be f(7). What is the highest common divisor of 15 and r?
15
Let s be 99/(-1 + 8/6). What is the greatest common factor of s and 27?
27
Suppose 0 = -0*a - 4*a - 4*b, 2*a - 2*b - 4 = 0. Let c be a*(0 + 19) + -1. Calculate the greatest common factor of c and 9.
9
Let o(z) = z**2 + z - 2. Let s(p) = -p**3 - 3*p**2 + 4*p - 3. Let k be s(-4). Let v be o(k). Calculate the highest common factor of v and 8.
4
Let k = -56 + 58. What is the highest common factor of 6 and k?
2
Let j(c) = -c**3 - 6*c**2. Let b be j(-6). Suppose -w + 4*w = 5*z + 29, b = 5*w - z - 63. What is the highest common factor of w and 91?
13
Suppose 0 = -4*r - 3*y + 42, 3*r + 5*y = r + 28. What is the greatest common factor of r and 63?
9
Let i be 0 + -1 + -2 + 13. Suppose k - 4*k + 2*j = 0, 5*j = k + 13. What is the greatest common factor of i and k?
2
Let n be (78 - -2) + (-2 - -2). Let d(w) = -w + 10. Let v = -2 + 2. Let p be d(v). Calculate the greatest common divisor of n and p.
10
Let u = 3 - -5. Suppose -6*n + 4*m + 15 = -3*n, 0 = 2*n - 4*m - 10. Suppose -8 = -n*g + 2. What is the highest common factor of u and g?
2
Let n(y) = -y**2 - 32*y - 30. Let z be n(-31). What is the highest common divisor of z and 25?
1
Let l(t) = -t**2 - 8*t - 3. Let o be l(-7). Let j = 9 - o. Calculate the greatest common divisor of j and 35.
5
Suppose -6*s + 80 = -3*s + 2*l, -l - 129 = -5*s. What is the highest common factor of s and 65?
13
Let c = -2 + -2. Let g be (-141)/(-15) + c/10. Let z be (12/(-8))/(3/(-72)). Calculate the greatest common factor of g and z.
9
Let f(n) = n**2 + 2*n + 6. Let t be f(-5). Calculate the highest common factor of t and 168.
21
Let s(l) = 11*l**2 + 5*l + 5. Let k be s(-1). What is the greatest common factor of 88 and k?
11
Let j be (-5)/(-2)*12/10. Let y be 10 + 0/(2 - j). What is the highest common divisor of 90 and y?
10
Suppose 3*i = -i - 20, 5*i + 120 = 5*l. Suppose 4*m = -5*k + 66, 2*k + 15 = -4*m + 87. Calculate the highest common factor of m and l.
19
Let t(q) = q**3 + 9*q**2 + 5*q - 6. Let h be t(-8). Calculate the highest common divisor of h and 45.
9
Suppose 5*c + 437 = 3*i, 0*c - 5 = -c. Calculate the highest common divisor of 14 and i.
14
Suppose 1792 = 6*u + u. What is the greatest common divisor of u and 32?
32
Let i(z) = 12*z**2 - 3*z. Let j be i(1). Suppose 192 = 4*a - 3*q, -2*q - 9 + 1 = 0. What is the highest common divisor of j and a?
9
Let g be (-4)/(-22) - (-978)/66. Let o = g + 35. What is the greatest common factor of 10 and o?
10
Let w = -17 - -14. Let u be ((-20)/(-8) + w)*-114. What is the highest common factor of u and 19?
19
Let u be 4/1 - 12/6. Suppose -p - 59 - 706 = -5*g, 0 = 4*g + u*p - 626. What is the greatest common divisor of g and 14?
14
Let k = 61 - 54. Suppose -z = -3*z + 84. What is the greatest common factor of k and z?
7
Let i be (-6)/(-8) - ((-1101)/4)/1. Calculate the greatest common factor of i and 12.
12
Suppose 52 = 4*o + j, -72 = -5*o + j - 16. What is the greatest common factor of o and 9?
3
Let h(i) = -6 - 4*i**2 + 2 + 8*i + 3*i**2. Let k = 13 - 7. Let q be h(k). Calculate the highest common divisor of 56 and q.
8
Let a = 11 - -27. Let f be 99 + (-5)/(10/8). Calculate the highest common divisor of a and f.
19
Suppose -3*m + 0 = 3. Let w be (38/133)/(m/(-7)). What is the greatest common divisor of w and 4?
2
Let y(h) be the third derivative of 5*h**4/12 + 2*h**3/3 + 7*h**2. Let s be y(5). What is the greatest common divisor of 18 and s?
18
Suppose 0 = -4*t + 8 + 8. Calculate the greatest common divisor of t and 1.
1
Let f = 3 - -9. Let d(i) = 3*i**2 + 5*i - 4. Let v = 4 + -11. Let z be d(v). Calculate the greatest common divisor of f and z.
12
Let c = 5 - -15. Calculate the highest common factor of 140 and c.
20
Let q = 19 - 17. Calculate the greatest common divisor of 16 and q.
2
Let s(p) = 3*p - 7. Let g be s(9). What is the greatest common factor of g and 220?
20
Let p be 2/(-6) - (-256)/3. Let b(j) = 4*j**2 + j + 5. Let z be b(-5). Let o be (-5)/(-15) + z/6. Calculate the greatest common factor of o and p.
17
Suppose 4*s + 5*i = -7 + 65, 3*i - 45 = -3*s. Let r(m) = 3*m + 5. Let w be r(4). What is the greatest common divisor of w and s?
17
Suppose -2*b + 8 = 2*b. Calculate the highest common divisor of 2 and b.
2
Suppose 25 = 3*n - 5. Calculate the highest common divisor of 15 and n.
5
Let v be 4/12*9*7. Calculate the greatest common factor of 21 and v.
21
Suppose 26 = 2*b - 5*d, 5*d = -5*b + 22 + 8. Let z be 218/b - (-1)/(-4). Suppose 102*u + 45 = 107*u. Calculate the highest common factor of z and u.
9
Let l be 19 + (-9)/3 + 5 + -2. Calculate the greatest common divisor of 152 and l.
19
Let k = 86 - -31. Calculate the greatest common divisor of 9 and k.
9
Let w be 4 + -4 + -4 + 59. What is the highest common factor of w and 5?
5
Let i = 24 + -16. What is the highest common factor of 12 and i?
4
Let m = -3 + 4. Suppose n - m = -0*n. Suppose n = -5*o + 36. Calculate the greatest common factor of o and 7.
7
Let m be (3/2)/(9/60). What is the highest common factor of 20 and m?
10
Let k(b) = b**3 - 2*b**2 - 6*b. Let x be k(5). Let w = -38 - -53. Calculate the highest common divisor of x and w.
15
Suppose 105 = 3*j - g, 5*j - 45 = -4*g + 147. Let w be (-1 - -1) + 1 - -2. Suppose -2*f - w*f = -450. What is the highest common divisor of j and f?
18
Let l be (8/24)/(2/102). What is the highest common divisor of 119 and l?
17
Let z = -30 - -57. What is the highest common factor of z and 27?
27
Suppose -9*r + 164 = -7. Suppose -2 - 6 = -2*c. Suppose -3*z - r = -n, 75 = c*n - n - 3*z. Calculate the greatest common divisor of n and 7.
7
Let w(b) = b**3 - b. Suppose 0 = -5*h + 2*o + 11, -o - 7 = -4*h - 0*h. Let n be w(h). Suppose -4*s + 8 = -n*s. What is the greatest common factor of s and 10?
2
Let q be (0 + -1)/((-2)/4). Suppose -4*w - q*n = -29 - 11, 0 = -5*w - n + 47. What is the highest common divisor of w and 36?
9
Let n = 71 + -50. Calculate the highest common divisor of 14 and n.
7
Suppose -394 - 56 = -5*p. What is the greatest common factor of 10 and p?
10
Let y be -2 - (-18)/15*(-60)/(-9). Calculate the greatest common divisor of 30 and y.
6
Let g be 3 + -6 + (92 - 1). What is the greatest common divisor of 11 and g?
11
Let u(r) = r**3 + 2*r**2 + r + 14. Let z be u(0). What is the greatest common factor of z and 98?
14
Let p = -184 + 309. Let i be 9316/374 - 1/(-11). What is the highest common divisor of i and p?
25
Let s be 656/208 + (-2)/13. What is the greatest common divisor of s and 24?
3
Let d = 90 + -34. What is the highest common factor of d and 8?
8
Let o be ((-1)/(-1))/((-2)/6). Let h = 4 + o. Let p be (h - -1)/2*26. Calculate the greatest common factor of p and 26.
26
Suppose -2*l + 144 = 4*l. Calculate the greatest common factor of 32 and l.
8
Let q(y) = -6*y**3 - y**2 - 2*y. Let h(u) = -7*u**3 - u**2 - 3*u. Let l(b) = 2*h(b) - 3*q(b). Let x be l(2). Calculate the highest common divisor of x and 9.
9
Suppose 0 = 6*k - 2*k + 3*m - 13, 20 = 4*k - 4*m. Suppose -k*v - 21 = -81. What is the greatest common divisor of 120 and v?
15
Let n be (-5)/(-30) + 1378/12. What is the greatest common divisor of n and 23?
23
Suppose -x + 10 = -6. Let